 prime factors of h(-17).
3, 911
Suppose 4*c = -4, 5*m - 30 = -0*m - 5*c. Let i(y) be the second derivative of y**4/12 - 7*y**3/6 + 5*y**2 - 4*y + 3. What are the prime factors of i(m)?
2, 5
Let q(i) = 5*i**2 + 56*i + 14. What are the prime factors of q(-12)?
2, 31
Let m be (-2 - -4)/(-11 + 10). List the prime factors of 20*(2 - m - -1).
2, 5
Let d(w) = 61*w - 174. What are the prime factors of d(15)?
3, 13, 19
Suppose -v - 2 + 0 = 0. Let o = 257 + v. Suppose 3*s - o = -93. What are the prime factors of s?
2, 3
Let v = 23 - 31. Let k(u) = -u**3 - 6*u**2 + 5*u + 8. Let g be k(v). Suppose s = 4*s - g. What are the prime factors of s?
2
Let v = 26 - 18. List the prime factors of (50/v)/(13/156).
3, 5
Suppose 196 = 4*k - 312. Let u = 53 + k. What are the prime factors of u?
2, 3, 5
Let k = -7 + 10. Suppose -4*w - 5*x + 323 = 0, -x + k*x = -5*w + 391. List the prime factors of w.
7, 11
Suppose 7*t - 2 = 12. Suppose -3*u - t*u = -25. Suppose -u*s = 2*o - 64, 2*s + 182 = 4*o + 6. What are the prime factors of o?
2, 3, 7
Suppose 0 = 2*g - 6*g + 36. Let m(w) = 3*w - 8. Let a(k) = 1. Let v(p) = -a(p) + m(p). What are the prime factors of v(g)?
2, 3
Suppose 2*c = 2*r + 136, -2*c + 5*r + 27 = -97. Suppose c = 6*m - 96. What are the prime factors of m?
2, 7
Suppose 4*w + 2*a - 2122 = 4*a, 0 = 5*a + 5. List the prime factors of w.
2, 5, 53
Suppose s = -q + 397, -q + 2*s - s = -397. What are the prime factors of q?
397
Suppose -a - 2*s + 3*s = -78, -5*a = 4*s - 381. Suppose -2*h - a = 2*q + q, -2*h + 4*q - 84 = 0. Let r = -8 - h. What are the prime factors of r?
2
Let t(w) = w**2 + 8*w + 8. Suppose q - 6*q = 60. Let r = 4 + q. List the prime factors of t(r).
2
Let x = 104 + -100. Suppose 3*b - 24 = -3. Suppose 3*j = x*j - b. List the prime factors of j.
7
Let b(s) = -2*s**2 + 4*s + 292. Let k = 70 - 70. List the prime factors of b(k).
2, 73
Let m = 22 + -20. Suppose 34 = -m*s - 2*d, s - 4*d - 5 = 2*s. Let j = -17 - s. List the prime factors of j.
2
Let f(q) = -10*q**3 + 18*q**2 + q - 20. What are the prime factors of f(-5)?
5, 67
Let k be (-10)/(-6) + (-1)/(-3). Suppose m = 1, m + 65 + 3 = 3*l. Suppose 3*w = k*g + l, -2*w + 5*g + 12 = 3*g. List the prime factors of w.
11
Let j(b) = 50*b - 57. List the prime factors of j(3).
3, 31
Suppose 2*x - 4178 = -2*d, -7749 - 609 = -4*d - 5*x. List the prime factors of d.
2087
Suppose -18*w + 19842 = -15654. What are the prime factors of w?
2, 17, 29
Let a(u) be the third derivative of -u**5/60 - u**4/4 - u**3 + 3*u**2. Let q be a(-6). Let b = 9 + q. What are the prime factors of b?
3
Let w(v) = 45. Let u(g) = -g - 179. Let c(t) = 2*u(t) + 9*w(t). List the prime factors of c(0).
47
Suppose 1321 = 2*i - 453. List the prime factors of i.
887
What are the prime factors of (4836/310)/(1*(-6)/(-40))?
2, 13
Suppose 3*c + f = -31, 39 = -2*c - 0*c + 3*f. Let b be 0 - (c/3)/2. Suppose -3*p + b*a + 155 = 0, -a + 143 = 2*p + p. List the prime factors of p.
7
Let m = 63 - -488. What are the prime factors of m?
19, 29
Let a be (-2 - 10)/(-4) - -1. Let y be (-102)/a*16/12. Let l = -18 - y. List the prime factors of l.
2
Let v(z) = z**2 - 3*z. Let j(k) = 12*k + 2. Let m be j(1). Let o be v(m). Suppose -w - 5*n = -40, 3*w + 2*w - o = -2*n. List the prime factors of w.
2, 3, 5
Suppose -284 - 260 = -a. Let d = a - 365. List the prime factors of d.
179
Let d = -12 + 21. Suppose -3*t = 2*r + d, 5 = 3*r - t + 2. Suppose u + u - 38 = r. List the prime factors of u.
19
What are the prime factors of (7 + (-189)/45)*20?
2, 7
Suppose -5*o + 1 = -9. Let f(z) = -o - 3 + 4*z + 4 + 2. List the prime factors of f(4).
17
Let s(l) = -l**2 + 13*l - 9. Let n be s(12). List the prime factors of 254/n*((-36)/8 + 6).
127
Let l = 1196 + -839. Let d = -187 + l. List the prime factors of d.
2, 5, 17
Let v = -20 - -24. Suppose -5*l - 6 = -v*l. Let j(d) = -5*d - 12. List the prime factors of j(l).
2, 3
Suppose 15 - 7 = 3*s - u, -3*s = u - 16. Let x = 0 + 2. Suppose -44 - 127 = -5*o - 3*n, -x*n - 150 = -s*o. What are the prime factors of o?
2, 3
Let j = 1826 - 1098. List the prime factors of j.
2, 7, 13
Suppose 0 = -11*d + 2*d + 648. List the prime factors of d.
2, 3
Let i(z) = -5*z**2 + 5 + 5*z**2 - z**2 + 8*z. Let m be i(9). List the prime factors of (414/27)/(m/(-6)).
23
Let j be 4/(-24)*4 + (-184)/(-6). Suppose 2*r = 256 + j. What are the prime factors of r?
11, 13
Suppose 4*g = -5*k + 13 + 12, 5*k = -2*g + 25. Suppose -k*m = -10 - 45. Suppose m*d - 6*d = 75. List the prime factors of d.
3, 5
List the prime factors of (-24728)/(-28) + -2 - (-2)/(-14).
881
Suppose 0 = 7*o - 0*o - 6*o. Suppose -2*t = -o*t - 100. What are the prime factors of t?
2, 5
Suppose 24*d = 25*d + 6. Let i(r) = -2*r**3 - 5*r - 5 - 4*r + 2*r**3 - 7*r**2 - r**3. List the prime factors of i(d).
13
Let u = -255 - -27. Let f be u/54 + (-4)/(-18). What are the prime factors of (3 - f)*-1*-3?
3, 7
Suppose -d - 20 = 3*s, -27 - 5 = 2*d + 4*s. Let a be (-1266)/d + 5/(-20). List the prime factors of (6/(-12))/((-1)/a).
79
Suppose 2*p - 2*w + 2814 = 5*p, 4*w - 3756 = -4*p. What are the prime factors of p?
2, 3, 13
Suppose -b = r + 3 - 2, 4*b - 4*r = 4. Let j be (-1)/2*b - 0. What are the prime factors of 4/2 + 30 + j?
2
Let a = 8116 + -5464. List the prime factors of a.
2, 3, 13, 17
Let p be (-1 - (0 + -2))/(3/15). Suppose d - 30 - 61 = -x, d = -p*x + 95. List the prime factors of d.
2, 3, 5
Let h(j) = j**3 + 18*j**2 + 24*j + 38. Let x be h(-16). Suppose -5*u + x = -344. List the prime factors of u.
2, 3, 17
Let v(m) = m**3 - 9*m**2 - 9*m + 12. Let c be v(9). Let o = 130 + c. List the prime factors of o.
61
Let g be (-14)/((-3)/90 - 2/15). Let s = g - 67. List the prime factors of s.
17
Let b(d) be the third derivative of 1/2*d**3 + 0*d - 1/12*d**4 + 0 - 2*d**2. What are the prime factors of b(-4)?
11
Let g = -1754 - -3899. What are the prime factors of g?
3, 5, 11, 13
Let q = 8158 + -3472. What are the prime factors of q?
2, 3, 11, 71
Suppose 50 = -y - 4*y - 5*u, 5*u = 5*y + 10. Let m be 1*-1 + 63/(-9). Let j = y - m. List the prime factors of j.
2
Let m(h) = h**3 + 8*h**2 + 5*h + 3. Let k(j) = 6*j - 4*j - 3*j. Let q be k(3). What are the prime factors of m(q)?
3, 11
Let x = 29 - 35. List the prime factors of (36/(-24))/((-11)/x - 2).
3
Let l(v) = -5*v**2 - 6*v + 4. Let h be l(-6). Let z = -50 - h. List the prime factors of z.
2, 3, 5
Suppose -5*p - 322 = -3*l + 1598, -3*l = -4*p - 1917. Suppose l = 8*z - 3*z. What are the prime factors of z?
127
Suppose 5*q - 7*q = -8. Suppose 2*g - 7*g = -q*c + 93, 4*c = -5*g + 43. Let x = c - -3. List the prime factors of x.
2, 5
Let k = 1898 + -1341. What are the prime factors of k?
557
Suppose -2*a - 2*s = -369 + 49, 2*s + 300 = 2*a. Let n = -96 + a. What are the prime factors of n?
59
List the prime factors of -2 + 5 - (15 + -351).
3, 113
Suppose 292 - 4 = 24*z. List the prime factors of z.
2, 3
Let r = 1722 - 1151. List the prime factors of r.
571
List the prime factors of (1091094/42)/19 + 4/(-14).
1367
Let p(i) = i**2 + 10*i - 2. Let g be p(-11). Let b = -14 + 21. Let n = b + g. List the prime factors of n.
2
Let v = -166 - -337. Suppose d = -2*d + v. List the prime factors of d.
3, 19
Suppose 2*r + 45 = -5*n + 192, 4*n + 5*r - 121 = 0. Suppose 2*x = 66 + 36. Let g = x - n. List the prime factors of g.
2, 11
Let m(h) = -10*h + 8*h + 73*h**2 - 3 + 5. List the prime factors of m(1).
73
Suppose -101*f = -97*f - 3636. List the prime factors of f.
3, 101
What are the prime factors of 8/104 - (-8578)/26?
2, 3, 5, 11
Let k(b) = -12*b - 6. Suppose 3*d + 20 = -2*d. Let h = -8 - d. List the prime factors of k(h).
2, 3, 7
Suppose 29 = 2*v + 101. Let f = -36 - v. Suppose f = 5*h - 4*h - 48. List the prime factors of h.
2, 3
Let l = 1509 + 93. What are the prime factors of l?
2, 3, 89
Suppose -c = c - 4*v - 14, -3*c - 3*v + 12 = 0. Let r be (-156)/c*40/(-12). Suppose -4*u - r = -4*p, p + 3*p = -2*u + 98. List the prime factors of p.
5
Let p = 1137 - 787. What are the prime factors of p?
2, 5, 7
Let b(y) = -291*y**3 + 2*y**2 - 4*y - 5. List the prime factors of b(-1).
2, 73
Let p(y) = -44*y - 180. List the prime factors of p(-14).
2, 109
List the prime factors of 1177/22*(2 - 0).
107
Suppose 19*f = 18*f. Suppose -2*d + f*d + 100 = 0. List the prime factors of d.
2,